 of 69773 and 11?
11
What is the highest common factor of 2448 and 5202?
306
Calculate the greatest common factor of 440 and 421784.
88
What is the highest common factor of 52621 and 101?
101
Calculate the highest common divisor of 3121983 and 18.
9
Calculate the greatest common divisor of 217 and 12524.
31
What is the greatest common divisor of 4275 and 48051?
171
Calculate the greatest common factor of 12 and 52068.
12
What is the greatest common factor of 17512 and 64?
8
Calculate the greatest common factor of 752066 and 14.
14
Calculate the highest common divisor of 733490 and 820.
410
What is the greatest common divisor of 1160874 and 164?
82
What is the highest common divisor of 184 and 31786?
46
Calculate the greatest common divisor of 135 and 515646.
27
What is the greatest common divisor of 17145 and 540?
135
Calculate the highest common divisor of 40926 and 114.
114
Calculate the greatest common factor of 132 and 268572.
12
Calculate the greatest common factor of 191889 and 5047.
103
What is the highest common factor of 37 and 279757?
37
What is the highest common divisor of 1570100 and 28?
28
What is the greatest common factor of 2842 and 112?
14
Calculate the greatest common factor of 1020 and 78999.
51
Calculate the highest common divisor of 1737 and 11979.
9
Calculate the highest common factor of 19 and 2310799.
19
Calculate the greatest common divisor of 204 and 894336.
204
What is the highest common factor of 9056 and 23206?
566
Calculate the greatest common factor of 64995 and 6195.
105
What is the highest common factor of 441774 and 202?
202
What is the greatest common factor of 382490 and 230?
230
What is the highest common divisor of 13 and 4007?
1
What is the highest common divisor of 465 and 95387?
31
Calculate the greatest common divisor of 399 and 46113.
57
What is the greatest common factor of 41965 and 2765?
35
What is the greatest common factor of 126 and 142422?
42
What is the highest common factor of 8 and 8132?
4
Calculate the highest common factor of 36 and 318700.
4
Calculate the highest common divisor of 2096 and 366538.
262
Calculate the highest common divisor of 13593 and 8.
1
What is the greatest common divisor of 84 and 1440824?
28
What is the greatest common factor of 42 and 160986?
42
What is the greatest common divisor of 121 and 6670367?
121
What is the greatest common divisor of 7 and 855211?
7
What is the highest common divisor of 1292 and 1037?
17
What is the highest common divisor of 165015 and 1539?
171
Calculate the highest common factor of 492 and 125829.
123
What is the highest common factor of 1665 and 17445?
15
What is the highest common factor of 372 and 9347244?
372
Calculate the greatest common factor of 60 and 33790.
10
What is the greatest common divisor of 738 and 900770?
82
What is the highest common factor of 77616 and 16368?
528
What is the highest common divisor of 385 and 5215?
35
Calculate the highest common divisor of 11663833 and 173.
173
What is the highest common factor of 177654 and 10092?
174
What is the greatest common factor of 73 and 27667?
73
What is the greatest common divisor of 4818 and 229074?
438
What is the greatest common factor of 23258 and 928?
58
What is the highest common factor of 3500 and 38000?
500
What is the highest common divisor of 966479 and 354?
59
What is the highest common divisor of 224 and 287?
7
What is the highest common factor of 18 and 1110024?
18
What is the highest common factor of 2704 and 1664?
208
Calculate the highest common factor of 15886 and 16900.
338
What is the greatest common factor of 125056 and 8?
8
Calculate the greatest common factor of 89424 and 2160.
432
Calculate the highest common factor of 243 and 1062639.
243
What is the greatest common factor of 1173 and 20638?
17
Calculate the greatest common factor of 620685 and 1950.
195
What is the highest common divisor of 175051 and 907?
907
What is the highest common divisor of 108 and 7932?
12
What is the highest common divisor of 4992 and 292896?
96
What is the highest common factor of 148 and 5846?
74
What is the greatest common divisor of 77 and 43274?
77
Calculate the highest common factor of 405864 and 6.
6
Calculate the greatest common divisor of 2632 and 229642.
658
What is the highest common factor of 394381 and 13?
13
Calculate the highest common divisor of 15130 and 1530.
170
What is the highest common factor of 594 and 23078?
22
What is the highest common factor of 19999 and 49?
7
What is the greatest common factor of 2457 and 91455?
273
Calculate the highest common factor of 21737 and 2.
1
Calculate the highest common factor of 222 and 2154.
6
Calculate the greatest common factor of 1703 and 1048.
131
Calculate the highest common divisor of 1548 and 37539.
387
Calculate the highest common factor of 31 and 1009391.
31
Calculate the highest common divisor of 60 and 134676.
12
What is the greatest common divisor of 34314 and 14?
14
Calculate the highest common divisor of 3287684 and 76.
76
What is the greatest common factor of 140 and 962276?
28
What is the greatest common factor of 75 and 27345?
15
What is the greatest common factor of 691678 and 148?
74
What is the highest common factor of 112382 and 2158?
166
Calculate the highest common factor of 9708 and 672.
12
Calculate the highest common divisor of 68526 and 3102.
282
What is the highest common divisor of 2 and 200016?
2
What is the greatest common divisor of 176658 and 18?
6
What is the greatest common factor of 1616 and 200182?
202
What is the highest common factor of 8711 and 1?
1
What is the greatest common factor of 8610 and 31488?
246
Calculate the greatest common divisor of 6816 and 67308.
852
Calculate the greatest common factor of 7578629 and 53.
53
Calculate the greatest common factor of 384 and 2656.
32
What is the highest common factor of 63 and 11760?
21
Calculate the highest common factor of 42699 and 2107.
43
What is the greatest common divisor of 2730 and 36960?
210
Calculate the highest common divisor of 8722 and 294.
98
Calculate the highest common divisor of 96 and 4866.
6
Calculate the greatest common factor of 18795 and 227688.
537
Calculate the highest common factor of 874 and 1736201.
437
Calculate the greatest common divisor of 684 and 101536.
76
Calculate the greatest common divisor of 6902 and 1798.
58
Calculate the greatest common factor of 10216 and 320.
8
What is the highest common factor of 3034 and 3321?
41
What is the highest common factor of 2128 and 9842?
266
Calculate the greatest common divisor of 70064 and 1392.
464
What is the greatest common factor of 31766 and 70?
14
What is the highest common factor of 1605 and 5265?
15
What is the greatest common divisor of 108 and 33780?
12
Calculate the greatest common divisor of 613458 and 54.
18
What is the greatest common divisor of 204265 and 45?
5
What is the greatest common divisor of 370 and 39442?
74
What is the greatest common factor of 38 and 2159179?
19
Calculate the greatest common factor of 903 and 6751731.
903
What is the greatest common divisor of 831 and 12147?
3
Calculate the highest common factor of 2120 and 923260.
1060
What is the greatest common factor of 123 and 3?
3
What is the greatest common divisor of 6593694 and 694?
694
Calculate the greatest common factor of 913 and 539.
11
What is the highest common factor of 1120 and 3790640?
560
What is the greatest common divisor of 146 and 198633?
73
Calculate the highest common divisor of 10365 and 390.
15
Calculate the highest common divisor of 13065 and 10385.
335
Calculate the greatest common divisor of 235 and 2483715.
235
Calculate the greatest common factor of 3 and 135993.
3
What is the highest common factor of 1485 and 3375?
135
Calculate the highest common divisor of 1408 and 26112.
128
Calculate the highest common factor of 18 and 367326.
18
What is the greatest common divisor of 115 and 655385?
115
Calculate the greatest common divisor of 109736 and 696.
232
Calculate the highest common divisor of 66048 and 88408.
344
What is the greatest common factor of 159317 and 626?
313
Calculate the greatest common divisor of 45399 and 3885.
111
What is the highest common divisor of 175 and 11950?
25
What is the highest common divisor of 2636 and 91601?
659
What i